 + 1001100011?
-100010101101111
In base 15, what is 26338 + 1bb7?
28000
In base 2, what is -10110000011 - -110010010001010?
101111100000111
In base 13, what is 3 + -6a18a6?
-6a18a3
In base 15, what is 84e59 - -1ca?
85134
In base 14, what is 28a291 + 2?
28a293
In base 16, what is -e6322f - -2b?
-e63204
In base 8, what is -16450 + 12141?
-4307
In base 5, what is -24311221231 - 23?
-24311221304
In base 13, what is -6a2757 - 5?
-6a275c
In base 4, what is 2110323133323 + 2?
2110323133331
In base 5, what is 3131110122 - 1243?
3131103324
In base 8, what is -11 + 510116?
510105
In base 12, what is 6 + 279a3096?
279a30a0
In base 3, what is 10 - 21200001100101?
-21200001100021
In base 14, what is -310a + 79?
-3071
In base 6, what is -1 - -1001052404?
1001052403
In base 9, what is 202776 + 74?
202861
In base 9, what is 2 - 205313613?
-205313611
In base 2, what is 111100 - 11110001110001100110?
-11110001110000101010
In base 14, what is -123441c - 6?
-1234424
In base 4, what is 11013220 + -100223?
10312331
In base 7, what is 0 - -43554526?
43554526
In base 13, what is 3087c + 173?
30a22
In base 9, what is 1 + 2100854?
2100855
In base 7, what is 46231531411 - -3?
46231531414
In base 4, what is -10221203203 + 13201?
-10221130002
In base 4, what is 1013310120 - 1312?
1013302202
In base 12, what is -4 - b31040a?
-b310412
In base 15, what is -4 + -b1c5d0?
-b1c5d4
In base 11, what is -10 + 234138?
234128
In base 6, what is 125031 + 1544001?
2113032
In base 11, what is -a0288397 + 2?
-a0288395
In base 15, what is -2d224b - -16?
-2d2235
In base 2, what is -10001101001 - 1010001000111011110?
-1010001011001000111
In base 6, what is -240 + -2451455?
-2452135
In base 3, what is 11020 + -1202221120?
-1202210100
In base 6, what is -203341014052 - 4?
-203341014100
In base 8, what is -77066740 + 1?
-77066737
In base 15, what is -2aa + -4168?
-4423
In base 14, what is 12c8529c - 0?
12c8529c
In base 9, what is 26687 + 4271?
32068
In base 5, what is 31144044 + -32143?
31111401
In base 4, what is -101012101 + -11303?
-101030010
In base 5, what is -132 + 3234220123?
3234214441
In base 14, what is 1352ddb + -12?
1352dc9
In base 11, what is -92913 + -74?
-92987
In base 16, what is 56 + -26503?
-264ad
In base 9, what is -54 + -528755?
-528820
In base 10, what is 4988 + 1386?
6374
In base 10, what is -159 + 171608?
171449
In base 3, what is -120012200200101 - -1?
-120012200200100
In base 13, what is -1711a6 + 36?
-171170
In base 12, what is 693a1b - -1b?
693a3a
In base 5, what is -10 + -12334033112?
-12334033122
In base 7, what is -6334 + 21342?
12005
In base 12, what is 289 + 97610?
97899
In base 10, what is -2622 - 674?
-3296
In base 15, what is cb9 - b07c0?
-aea06
In base 14, what is 5b946c + 16?
5b9484
In base 9, what is 4581 - -448522?
454213
In base 4, what is 10030311 + 121212?
10212123
In base 13, what is -c9 + -18b5?
-19b1
In base 10, what is 55777 + -123?
55654
In base 16, what is 4 - -8ffc5?
8ffc9
In base 6, what is 10 + -112000352?
-112000342
In base 13, what is 222 - 32?
1c0
In base 8, what is -733126 + 60?
-733046
In base 2, what is 11001101101101 - -1011110000?
11011001011101
In base 7, what is -156 + -246432?
-246621
In base 15, what is -8013 - -e?
-8004
In base 16, what is cf6 + -6408?
-5712
In base 7, what is 1105 - 105554?
-104446
In base 2, what is -10 + 1110100111110011000?
1110100111110010110
In base 6, what is 13453154421 + -4?
13453154413
In base 12, what is 22769 + 24?
22791
In base 8, what is 20 - -443021?
443041
In base 12, what is -27 + 1445ab?
144584
In base 5, what is -13111244324 + 23?
-13111244301
In base 13, what is -188 + -3c968?
-3cb23
In base 7, what is 5 - 5245506104?
-5245506066
In base 7, what is -1135421 - -5?
-1135413
In base 4, what is -321101022220 + -11?
-321101022231
In base 11, what is 1802a57 + -2?
1802a55
In base 7, what is 42 + -101562322?
-101562250
In base 8, what is -144 - 320774?
-321140
In base 7, what is 4 + 15133014?
15133021
In base 9, what is 10150 - 2404?
6645
In base 10, what is 23533 - 587?
22946
In base 11, what is -326620 + -271?
-326891
In base 9, what is 1683060 - -5?
1683065
In base 15, what is 39492 + 2b?
394bd
In base 10, what is 2012 - 11309?
-9297
In base 8, what is -1265 - -1351504?
1350217
In base 6, what is 530053 + -32031?
454022
In base 4, what is 10131332121310 + -10?
10131332121300
In base 11, what is 87 + 37178?
37254
In base 13, what is -31 + -1bacc6b?
-1bacc9c
In base 11, what is 51320460 + -4?
51320457
In base 15, what is b06e + 4?
b073
In base 11, what is 42a + 6775?
70a4
In base 2, what is 101101111011110111 - -1011111?
101101111101010110
In base 2, what is 101010101110010000110001 - 1110?
101010101110010000100011
In base 11, what is 266 - -10472?
10728
In base 10, what is -12784 - 2225?
-15009
In base 4, what is 20022 - 2100323?
-2020301
In base 7, what is -1061455 - -6314?
-1052141
In base 16, what is 4e3316 - 3b?
4e32db
In base 11, what is -20917 + -3a04?
-24820
In base 13, what is 2 + 118b442?
118b444
In base 7, what is -46300 - -122?
-46145
In base 10, what is -1 - -125251244?
125251243
In base 16, what is 1 - -25f7023?
25f7024
In base 14, what is -d433 - 36d?
-d7a2
In base 15, what is 147c4ced - 0?
147c4ced
In base 11, what is 557691 - 1281?
556410
In base 6, what is 5054 + -1442?
3212
In base 16, what is 23 - -24c18?
24c3b
In base 4, what is 20313 - 233110?
-212131
In base 3, what is -1011201120012 - -10112?
-1011201102200
In base 12, what is 14668 - 179?
144ab
In base 3, what is 2 + -1110212201221?
-1110212201212
In base 4, what is -1113031221 - 121?
-1113032002
In base 10, what is -5 - -2322102?
2322097
In base 16, what is -5 + -1e8c6?
-1e8cb
In base 3, what is 2022200002010 + 1122?
2022200010202
In base 5, what is -2133303 - -432?
-2132321
In base 5, what is -32131434320 - -20?
-32131434300
In base 14, what is 264d467d - -5?
264d4684
In base 2, what is -11110101 - 1101011111001101011?
-1101011111101100000
In base 2, what is -10 - -1101000000110011110011101?
1101000000110011110011011
In base 13, what is -6051c - -44?
-604a8
In base 5, what is -23 - -1131120104?
1131120031
In base 8, what is 703 - 131611?
-130706
In base 7, what is -3012512 - 22?
-3012534
In base 9, what is 156051211 + 5?
156051216
In base 13, what is 4a88 + 15c3?
637b
In base 8, what is -3330215 - 346?
-3330563
In base 11, what is -80595 + 369?
-80227
In base 7, what is -34 + -20346220?
-20346254
In base 4, what is 12030 + -332321022?
-332302332
In base 8, what is 26311417 - -16?
26311435
In base 16, what is -2 - 1ec1fc?
-1ec1fe
In base 3, what is 211002122211220102 + 0?
211002122211220102
In base 16, what is 19 + 56739?
56752
In base 13, what is 85a1 - -27?
85c8
In base 6, what is -301232422 + -5?
-301232431
In base 14, what is 2b4735 - 241?
2b44d4
In base 12, what is 55 - 67931?
-67898
In base 12, what is 5 - 113168a6?
-113168a1
In base 8, what is -12 + 27206433?
27206421
In base 14, what is b + 1211c6?
1211d3
In base 6, what is 54531114320 - -1?
54531114321
In base 9, what is -73667 + -54?
-73732
In base 2, what is 100110101010100000000111010 + -10?
100110101010100000000111000
In base 10, what is -17 + 465833?
465816
In base 2, what is -1111010110100101100101110101 + 11?
-1111010110100101100101110010
In base 14, what is -4913 + -781b?
-c330
In base 16, what is 513d + 42d?
556a
In base 10, what is 365002 - 3?
364999
In base 6, what is -11103250 + 221?
-11103025
In base 6, what is 2022 + 10120?
12142
In base 16, what is 34c - -f86f?
fbbb
In base 3, what is -122 + 102022221011?
102022220112
In base 2, what is -1100010011100001 + 0?
-1100010011100001
In base 7, what is -346612 - 3444?
-353356
In base 14, what is 1 + -3326ddb?
-3326dda
In base 15, what is b014 + 1?
b015
In base 2, what is 101 - 1101000110111111011011001?
-1101000110111111011010100
In base 5, what is 24331 + -2403123?
-2323242
In base 6, what is -1501201 + -1423?
-1503024
In base 13, what is 2 - -17a821?
17a823
In base 4, what is 2 + -13200232231203?
-13200232231201
In base 13, what is 449610 + -24?
4495b9
In base 14, what is a - -1022989?
1022995
In base 11, what is 243 - 3614?
-3381
In base 2, what is -10010011 + 101000010101?
100110000010
In base 10, what is -11 + -230213?
-230224
In base 9, what is 14831 - -3355?
18286
In base 2, what is 1111110100101